en 1527536 is divided by 33943?
101
Calculate the remainder when 86237 is divided by 28732.
41
What is the remainder when 73724 is divided by 7451?
6665
What is the remainder when 73037 is divided by 35635?
1767
What is the remainder when 2864972 is divided by 136416?
236
What is the remainder when 31763242 is divided by 743?
735
Calculate the remainder when 163514 is divided by 23356.
22
Calculate the remainder when 1596884 is divided by 14.
2
What is the remainder when 49800543 is divided by 2265?
2253
Calculate the remainder when 34364 is divided by 513.
506
What is the remainder when 23751 is divided by 6701?
3648
What is the remainder when 2366655 is divided by 6022?
9
What is the remainder when 316162 is divided by 16468?
3270
What is the remainder when 23675948 is divided by 16?
12
Calculate the remainder when 127373920 is divided by 28.
16
Calculate the remainder when 69918 is divided by 7199.
5127
What is the remainder when 87744 is divided by 42232?
3280
What is the remainder when 92697394 is divided by 51?
49
Calculate the remainder when 32591789 is divided by 794921.
28
Calculate the remainder when 67616110 is divided by 174.
58
Calculate the remainder when 1397959 is divided by 8416.
903
Calculate the remainder when 191164723 is divided by 62.
61
What is the remainder when 264682 is divided by 133?
12
What is the remainder when 356450289 is divided by 3033?
3030
Calculate the remainder when 343670 is divided by 2472.
62
What is the remainder when 102908 is divided by 1371?
83
Calculate the remainder when 57507 is divided by 9365.
1317
What is the remainder when 77699 is divided by 11?
6
What is the remainder when 344284 is divided by 185?
184
Calculate the remainder when 22559803 is divided by 2285.
2283
Calculate the remainder when 10422497 is divided by 123.
92
Calculate the remainder when 580222 is divided by 290045.
132
What is the remainder when 346146 is divided by 322?
318
What is the remainder when 361994 is divided by 914?
50
What is the remainder when 129005 is divided by 32168?
333
Calculate the remainder when 14865 is divided by 613.
153
What is the remainder when 399752 is divided by 398784?
968
Calculate the remainder when 381922649 is divided by 10.
9
Calculate the remainder when 174267 is divided by 448.
443
What is the remainder when 240965 is divided by 28?
25
What is the remainder when 159689 is divided by 1031?
915
Calculate the remainder when 7244068 is divided by 74.
60
Calculate the remainder when 1217928 is divided by 24358.
28
What is the remainder when 40903 is divided by 4936?
1415
Calculate the remainder when 683817 is divided by 273.
225
Calculate the remainder when 183003 is divided by 256.
219
What is the remainder when 695265 is divided by 715?
285
What is the remainder when 697567843 is divided by 1417?
1415
What is the remainder when 271042 is divided by 1080?
1042
Calculate the remainder when 552163 is divided by 281.
279
Calculate the remainder when 51609368 is divided by 373.
342
Calculate the remainder when 8941 is divided by 4178.
585
What is the remainder when 46770928 is divided by 201?
37
Calculate the remainder when 14887202 is divided by 812.
806
Calculate the remainder when 12490702 is divided by 31305.
7
What is the remainder when 41127821 is divided by 3163677?
20
Calculate the remainder when 706574 is divided by 13854.
20
Calculate the remainder when 10781 is divided by 829.
4
Calculate the remainder when 11998217 is divided by 32.
9
What is the remainder when 15602098 is divided by 264442?
20
What is the remainder when 1112627 is divided by 804?
695
Calculate the remainder when 61310945 is divided by 2749.
2747
What is the remainder when 30090 is divided by 5820?
990
What is the remainder when 91092 is divided by 7930?
3862
What is the remainder when 15847934 is divided by 264132?
14
Calculate the remainder when 11928722 is divided by 1704080.
162
Calculate the remainder when 37121695 is divided by 2148.
2107
What is the remainder when 544540 is divided by 187?
183
What is the remainder when 21552978 is divided by 7?
6
What is the remainder when 646135 is divided by 2437?
330
Calculate the remainder when 917663 is divided by 6422.
5739
What is the remainder when 167938 is divided by 20604?
3106
Calculate the remainder when 117710 is divided by 29.
28
What is the remainder when 2291823 is divided by 763940?
3
Calculate the remainder when 1038957 is divided by 103893.
27
What is the remainder when 717845 is divided by 1445?
1125
What is the remainder when 14132396 is divided by 129655?
1
Calculate the remainder when 341594 is divided by 56803.
776
Calculate the remainder when 529463 is divided by 90.
83
Calculate the remainder when 194901147 is divided by 186152.
3
Calculate the remainder when 21646165 is divided by 152.
149
What is the remainder when 10966687 is divided by 9?
7
What is the remainder when 3248081 is divided by 812016?
17
Calculate the remainder when 9424407 is divided by 1982.
1979
What is the remainder when 5753518 is divided by 144?
142
What is the remainder when 61355 is divided by 7392?
2219
What is the remainder when 41033 is divided by 950?
183
What is the remainder when 11359221 is divided by 9?
6
Calculate the remainder when 720257 is divided by 26.
5
What is the remainder when 64873 is divided by 915?
823
What is the remainder when 8196439 is divided by 730?
729
Calculate the remainder when 5794787 is divided by 133.
110
What is the remainder when 20926148 is divided by 74?
58
Calculate the remainder when 17243462 is divided by 7.
5
Calculate the remainder when 197511 is divided by 263.
261
Calculate the remainder when 121507867 is divided by 7145.
7142
Calculate the remainder when 8694708 is divided by 64.
52
What is the remainder when 937751 is divided by 46883?
91
Calculate the remainder when 39420035 is divided by 14.
11
Calculate the remainder when 104202 is divided by 25544.
2026
What is the remainder when 59202 is divided by 29526?
150
Calculate the remainder when 26147409 is divided by 8715803.
0
Calculate the remainder when 631799 is divided by 11282.
7
What is the remainder when 1391966 is divided by 16376?
6
Calculate the remainder when 162420 is divided by 745.
10
Calculate the remainder when 108354 is divided by 108082.
272
What is the remainder when 281937 is divided by 56370?
87
What is the remainder when 857689 is divided by 85336?
4329
What is the remainder when 2992261 is divided by 503?
417
Calculate the remainder when 50877067 is divided by 25438499.
69
What is the remainder when 20696131 is divided by 83?
81
Calculate the remainder when 3260 is divided by 1771.
1489
What is the remainder when 19161151 is divided by 15490?
21
What is the remainder when 81851 is divided by 567?
203
What is the remainder when 2041466 is divided by 56701?
230
Calculate the remainder when 508294 is divided by 2365.
2184
Calculate the remainder when 429039491 is divided by 112314.
11
What is the remainder when 4603158 is divided by 2035?
2023
Calculate the remainder when 43045 is divided by 684.
637
What is the remainder when 202490 is divided by 841?
650
What is the remainder when 1460793 is divided by 413?
12
What is the remainder when 8339 is divided by 2649?
392
Calculate the remainder when 100581 is divided by 1237.
384
What is the remainder when 2658617 is divided by 73850?
17
Calculate the remainder when 1681076 is divided by 223.
102
Calculate the remainder when 18082009 is divided by 132.
121
Calculate the remainder when 195626 is divided by 154.
46
Calculate the remainder when 183778539 is divided by 110.
109
Calculate the remainder when 212268 is divided by 223.
195
What is the remainder when 3091381614 is divided by 7?
6
What is the remainder when 916949 is divided by 12?
5
What is the remainder when 234161 is divided by 55590?
11801
What is the remainder when 87923 is divided by 2093?
17
What is the remainder when 837137 is divided by 391?
6
What is the remainder when 233532 is divided by 145?
82
What is the remainder when 166758331 is divided by 74?
71
What is the remainder when 167121 is divided by 710?
271
Calculate the remainder when 87785 is divided by 28.
5
Calculate the remainder when 712460 is divided by 2981.
1
Calculate the remainder